factors of 3920496.
2, 3, 81677
What are the prime factors of 3353860?
2, 5, 23, 317
What are the prime factors of 227322?
2, 3, 73, 173
List the prime factors of 17449521.
3, 5816507
List the prime factors of 1345214.
2, 13, 31, 1669
List the prime factors of 242213.
23, 10531
List the prime factors of 55063.
17, 41, 79
List the prime factors of 394065.
3, 5, 7, 139
List the prime factors of 336886.
2, 11, 15313
What are the prime factors of 12653498?
2, 11, 13, 151, 293
List the prime factors of 7178950.
2, 5, 29, 4951
What are the prime factors of 514446?
2, 3, 179, 479
What are the prime factors of 4423379?
4423379
What are the prime factors of 1098684?
2, 3, 3391
List the prime factors of 875247.
3, 167, 1747
What are the prime factors of 1357382?
2, 13, 17, 37, 83
What are the prime factors of 732994?
2, 366497
What are the prime factors of 1574494?
2, 193, 4079
List the prime factors of 421940.
2, 5, 17, 73
What are the prime factors of 528249?
3, 37, 4759
What are the prime factors of 17273743?
89, 194087
List the prime factors of 1683512.
2, 127, 1657
What are the prime factors of 3038988?
2, 3, 17, 14897
What are the prime factors of 277850?
2, 5, 5557
What are the prime factors of 2775434?
2, 1387717
List the prime factors of 6907638.
2, 3, 659, 1747
What are the prime factors of 19700713?
19700713
What are the prime factors of 992536?
2, 124067
What are the prime factors of 22097549?
23, 960763
What are the prime factors of 338655?
3, 5, 107, 211
What are the prime factors of 407016?
2, 3, 5653
List the prime factors of 17436037.
443, 39359
What are the prime factors of 1328622?
2, 3, 79, 2803
List the prime factors of 97165.
5, 19433
What are the prime factors of 7064206?
2, 3532103
What are the prime factors of 2996252?
2, 7, 15287
What are the prime factors of 54386?
2, 71, 383
What are the prime factors of 91186?
2, 127, 359
What are the prime factors of 2594343?
3, 864781
What are the prime factors of 7181932?
2, 1795483
List the prime factors of 16954773.
3, 11, 513781
What are the prime factors of 691720?
2, 5, 17293
What are the prime factors of 598595?
5, 19, 6301
List the prime factors of 1322285.
5, 373, 709
What are the prime factors of 197645?
5, 7, 5647
List the prime factors of 2836751.
23, 29, 4253
What are the prime factors of 203639?
31, 6569
List the prime factors of 5491471.
101, 54371
List the prime factors of 2176849.
19, 114571
List the prime factors of 1361443.
1361443
List the prime factors of 3032527.
23, 131849
What are the prime factors of 3500898?
2, 3, 137, 4259
What are the prime factors of 18556531?
7, 2650933
What are the prime factors of 517805?
5, 103561
List the prime factors of 227256.
2, 3, 17, 557
List the prime factors of 7878558.
2, 3, 23, 37, 1543
What are the prime factors of 5112833?
11, 464803
What are the prime factors of 395028?
2, 3, 10973
What are the prime factors of 722345?
5, 13, 11113
What are the prime factors of 2378426?
2, 1189213
What are the prime factors of 14530071?
3, 4843357
List the prime factors of 2450005.
5, 490001
List the prime factors of 3387628.
2, 97, 8731
What are the prime factors of 1912853?
47, 40699
What are the prime factors of 912967?
11, 82997
List the prime factors of 3772879.
11, 342989
What are the prime factors of 2805608?
2, 13, 53, 509
List the prime factors of 2360374.
2, 463, 2549
List the prime factors of 840910.
2, 5, 7, 41, 293
List the prime factors of 360527.
67, 5381
List the prime factors of 688920.
2, 3, 5, 5741
List the prime factors of 6365312.
2, 223
What are the prime factors of 894338?
2, 239, 1871
List the prime factors of 7643540.
2, 5, 17, 22481
What are the prime factors of 111337?
111337
List the prime factors of 928056.
2, 3, 38669
List the prime factors of 17678408.
2, 11, 200891
What are the prime factors of 412066?
2, 206033
List the prime factors of 234236.
2, 31, 1889
What are the prime factors of 164672?
2, 31, 83
What are the prime factors of 22015778?
2, 73, 101, 1493
What are the prime factors of 1137298?
2, 139, 4091
List the prime factors of 2792128.
2, 43627
What are the prime factors of 473250?
2, 3, 5, 631
List the prime factors of 5624113.
11, 31, 16493
What are the prime factors of 10146979?
23, 89, 4957
What are the prime factors of 189152?
2, 23, 257
List the prime factors of 1599765.
3, 5, 23, 4637
What are the prime factors of 2490796?
2, 7, 11, 8087
List the prime factors of 1984089.
3, 103, 6421
What are the prime factors of 13512382?
2, 13, 17, 19, 1609
List the prime factors of 23102.
2, 11551
List the prime factors of 1318958.
2, 23, 53, 541
List the prime factors of 25102183.
17, 47, 89, 353
List the prime factors of 6993141.
3, 2331047
List the prime factors of 1695868.
2, 307, 1381
List the prime factors of 241605.
3, 5, 7, 13, 59
List the prime factors of 3611818.
2, 7, 257987
What are the prime factors of 136602?
2, 3, 7589
List the prime factors of 2178992.
2, 17, 8011
What are the prime factors of 198777?
3, 173, 383
List the prime factors of 9837643.
97, 101419
What are the prime factors of 5297508?
2, 3, 181, 271
What are the prime factors of 11260458?
2, 3, 11, 71, 89
What are the prime factors of 446288?
2, 27893
List the prime factors of 6863639.
419, 16381
What are the prime factors of 1096566?
2, 3, 19, 9619
What are the prime factors of 2082655?
5, 416531
What are the prime factors of 233021?
233021
List the prime factors of 746224.
2, 46639
List the prime factors of 200699.
200699
List the prime factors of 1771395.
3, 5, 118093
List the prime factors of 39841.
39841
What are the prime factors of 2512558?
2, 1256279
List the prime factors of 1053563.
7, 59, 2551
What are the prime factors of 3169398?
2, 3, 47, 11239
List the prime factors of 462383.
17, 59, 461
What are the prime factors of 8957377?
11, 13, 62639
What are the prime factors of 937875?
3, 5, 41, 61
What are the prime factors of 597183?
3, 137, 1453
List the prime factors of 5762509.
41, 140549
List the prime factors of 10765913.
17, 19, 33331
List the prime factors of 7042358.
2, 37, 59, 1613
List the prime factors of 867786.
2, 3, 61, 2371
List the prime factors of 664236.
2, 3, 18451
What are the prime factors of 513158?
2, 256579
List the prime factors of 1333629.
3, 11, 19, 709
List the prime factors of 871942.
2, 37, 11783
What are the prime factors of 4293270?
2, 3, 5, 15901
What are the prime factors of 4733147?
19, 23, 10831
What are the prime factors of 265318?
2, 53, 2503
What are the prime factors of 28666413?
3, 29, 31, 1181
List the prime factors of 374398.
2, 131, 1429
List the prime factors of 160667.
13, 17, 727
List the prime factors of 13663932.
2, 3, 23, 31, 1597
What are the prime factors of 747833?
747833
What are the prime factors of 18299410?
2, 5, 1277, 1433
List the prime factors of 722224.
2, 45139
What are the prime factors of 3356237?
3356237
What are the prime factors of 27270?
2, 3, 5, 101
List the prime factors of 2019976.
2, 7, 5153
What are the prime factors of 255780?
2, 3, 5, 7, 29
List the prime factors of 30503.
11, 47, 59
What are the prime factors of 3860628?
2, 3, 433, 743
List the prime factors of 6240985.
5, 383, 3259
List the prime factors of 1247304.
2, 3, 51971
What are the prime factors of 20135998?
2, 10067999
List the prime factors of 1059426.
2, 3, 23, 853
What are the prime factors of 3719484?
2, 3, 103319
List the prime factors of 387672.
2, 3, 29, 557
What are the prime factors of 11962452?
2, 3, 996871
What are the prime factors of 41750?
2, 5, 167
What are the prime factors of 2831770?
2, 5, 199, 1423
List the prime factors of 1024862.
2, 17, 43, 701
What are the prime factors of 367216?
2, 59, 389
What are the prime factors of 1835009?
11, 23, 7253
List the prime factors of 189442.
2, 11, 79, 109
List the prime factors of 2237716.
2, 13, 23, 1871
What are the prime factors of 9575841?
3, 11, 61, 67, 71
List the prime factors of 992068.
2, 7, 11, 3221
What are the prime factors of 657264?
2, 3, 13693
What are the prime factors of 1198927?
1198927
What are the prime factors of 4931778?
2, 3, 461, 1783
What are the prime factors of 167780?
2, 5, 8389
List the prime factors of 537611.
537611
What are the prime factors of 208915?
5, 7, 47, 127
What are the prime factors